 2. Let v be m(i). Calculate l(v).
14
Let s(w) = -w**2 + 6*w - 5. Suppose -1 = -2*a + 9. Determine s(a).
0
Let k(m) = m**3 + m + 3. Let z be k(0). Let u(q) = -1 - 3*q**2 + 0*q**3 + 3*q**3 - 2*q**z + 3*q. What is u(2)?
1
Let m be 2/(-8) - (-275)/44. Let b(x) = -x**2 + 8*x + 1. Determine b(m).
13
Let h be ((-10)/4)/(5/(-10)). Let b(i) = -4 - i - 2*i + i**2 + 8*i - 9*i. What is b(h)?
1
Let d(n) = -3*n**2 - 4*n + 5. Let j(p) = p**2. Let x(b) = -d(b) - 2*j(b). Determine x(-5).
0
Let n(d) = -d**3 - 3*d**2 - 2. Suppose 3*m + 7 = 1. Determine n(m).
-6
Let g(d) = 3*d - 1. Suppose t = -l - 6, -12 = 6*t - 3*t. Calculate g(l).
-7
Let s(r) = -7*r**3 - 13*r - 7*r**2 + 4 - 2 + 1. Let t be -1 - (1 - -3 - 2). Let b(y) = 4*y**3 + 3*y**2 + 7*y - 1. Let q(u) = t*s(u) - 5*b(u). Give q(-5).
1
Let l(f) = f**3 + 3*f**2 - 2*f - 3. Suppose -14 = 5*z - 4. What is l(z)?
5
Let c(g) = -g + 1. Suppose -32 = 2*u - 30. Determine c(u).
2
Let d(o) = 2*o**2 - 13*o + 1. Let x be d(6). Let k(v) be the first derivative of -v**4/4 - 4*v**3/3 + 7*v**2/2 + 2*v - 1. Determine k(x).
-8
Suppose 1 = 5*f - 9. Let u = -7 - f. Let h be (-1)/(-2 + (-21)/u). Let i(q) = q + 1. Determine i(h).
-2
Let t(q) = -1 - 2*q**3 + 8*q**3 - 4*q - 5*q**3 + q. Determine t(-2).
-3
Let z(l) = l**2 + 4*l. Let q(p) = 0 - 2*p**2 + 12*p + 6*p**2 - 1. Let v(s) = 2*q(s) - 7*z(s). Calculate v(6).
10
Let k(t) = t + 4. Let n = -1 - 1. Let o = 17 - 25. Let f be (n - -1)*o/(-2). Determine k(f).
0
Let s(a) be the second derivative of -a**4/12 - 7*a**3/3 - 17*a**2/2 - 6*a + 2. Determine s(-13).
-4
Let u(h) = -h**2 + 20*h + 48. Let t be u(22). Let q(v) = v**2 - 2*v - 5. Calculate q(t).
3
Let q(y) = 9*y - 19. Let i(k) = -14*k + 29. Let w(d) = -2*d**3 + 2*d**2. Let x be w(2). Let o(h) = x*q(h) - 5*i(h). Let z = 10 - 5. Give o(z).
-3
Let n(i) = -3*i**2 + 2*i - 2. Suppose -2*b + 4 = -0*b. Let g = b + 0. Determine n(g).
-10
Let d(n) be the first derivative of -n**4/4 + 2*n**3 - 4*n**2 + 6*n + 10. Give d(5).
-9
Let c be (-3)/(-6) - (-7)/2. Let g be (-4)/(-1 + 0)*1. Suppose g*n + i - 1 = -21, 15 = -3*n + c*i. Let j(f) = f + 2. Give j(n).
-3
Suppose 0 = 2*h + 4 + 2. Let p be ((-2)/2)/(h/3). Let r(d) = 28*d**2 - 8*d + 13. Let b(u) = 7*u**2 - 2*u + 3. Let s(o) = 9*b(o) - 2*r(o). Calculate s(p).
6
Let u(b) = b**3 - 6*b**2 + 6*b - 3. Suppose 5*x - 25 = -5*t, 0 = -3*t - x + 19. Let l be 1*(t - (2 - 0)). Give u(l).
2
Let a(v) = 2*v - 3. Let g(c) = -3*c + 5. Let s(f) = 7*a(f) + 4*g(f). What is s(1)?
1
Let i be (0 + 2 + 0)*5/10. Let q(m) = 15*m**3 + m**2 - m + 1. Give q(i).
16
Let q(w) be the first derivative of -3*w**2/2 + 6. What is q(-2)?
6
Let q(u) = 3*u**3 - 2*u**2 + 2*u - 1. Let d = -3 - -4. Determine q(d).
2
Let n(t) be the third derivative of -t**8/6720 + t**7/2520 - t**6/720 + t**4/8 - 5*t**2. Let s(b) be the second derivative of n(b). Determine s(1).
-1
Let p(k) = 15 + k - 24 + 8. Let m(x) be the first derivative of -x**4/4 + x**3/3 + 3*x**2/2 - 3*x - 1. Let o be m(2). Calculate p(o).
-2
Suppose 3*q - y + 17 = 0, 0*y + 4*y = -q - 10. Let p(l) = l**2 + 6*l - 8. Determine p(q).
-8
Let v(p) = 2*p**2 + 3*p - 3. Let h be (-6)/24 + (-30)/8. Let z = -7 - h. Give v(z).
6
Suppose 2*j = 2*o + 16, j = -o - 1 + 5. Let m(w) = -w + 12. What is m(j)?
6
Suppose -4*n = 2 - 18. Let t(p) = -p + 1. Calculate t(n).
-3
Suppose 3*n - 2*u - 16 = 0, 0*u - u - 23 = -4*n. Let a(o) = 10*o + 3 - 19*o + 0 + 8*o. Determine a(n).
-3
Let y(s) = 91*s**2 - 47*s**2 + 3*s**3 - 43*s**2. Determine y(1).
4
Let q(r) = r**3 + r**2 + r + 2. Let p(w) = w + 3. Let f be p(0). Let i be 3 - 2/(1 - f). Suppose -4*t - 3*n - 12 = 0, -2*n + 3 = -i*t + 11. Give q(t).
2
Let r(f) = -5*f**2 + f + 4. Let c(n) = 4*n**2 - n - 3. Let x(z) = -z**2 - z + 2. Let q be x(-3). Let d(j) = q*c(j) - 3*r(j). Calculate d(2).
-2
Suppose -4*j + 2*j + 2 = 0. Suppose 4*r + g + j = 0, 5*r - 2*g - 11 = 4*r. Let y(x) = 4*x**2 + 5*x - 3*x**2 - 1 + r. Give y(-5).
0
Let s(i) be the first derivative of i**4/4 - 4*i**3/3 + 5*i**2/2 - 4*i + 1. Suppose -l - 19 = 5*t - 2*l, -3*t - 4*l + 7 = 0. Let w = t + 6. Calculate s(w).
2
Let u(t) = t**2 - 9*t - t + 18 + t - 7. Give u(8).
3
Let h(q) = -q**2 - 5*q - 2. Let k(y) = y + 3. Let w be k(-6). Give h(w).
4
Let i be 10/(-15) + 4/6. Let p(l) = 0*l + l + 1 + l**2 - 4*l + i*l. Calculate p(3).
1
Let y = 1 + -7. Let b(n) be the first derivative of n**2/2 + 6*n - 25. Give b(y).
0
Let q(y) be the first derivative of -y**2/2 + y + 1. Suppose -2*r + 5*r = 21. Let a = r + -2. Calculate q(a).
-4
Let u(l) be the third derivative of l**4/4 - l**3/6 - 6*l**2. Let d be -3*22*(-1)/(-6). Let h(s) = s. Let i(p) = d*h(p) + 2*u(p). Give i(2).
0
Let j(t) = 13*t**3 - 5*t + 8*t**2 - 12*t**3 + 11 - 3*t. Give j(-9).
2
Let t(r) be the first derivative of -r**3/3 - 5*r**2/2 + 6*r - 5. What is t(-6)?
0
Let x(m) = -m**3 - 5*m**2 - m - 2. Suppose -32 - 13 = 3*v. Let c = -11 - -21. Let o = c + v. Give x(o).
3
Let l(m) = 2*m + 1 + 2 + m**2 - m + 5*m. Determine l(-5).
-2
Let l(r) = r + 4. Let h(t) = t + 5. Let i be h(0). Suppose 2*s = -f + i, 5*s = 4*f - f + 40. What is l(f)?
-1
Let a(d) = -4*d**2 - 12*d - 5. Let t(u) = -7*u**2 - 23*u - 11. Let p(c) = 5*a(c) - 3*t(c). Let g be p(-8). Let y(h) = -2 + 3 - 3*h + 4*h + g. What is y(-4)?
-3
Let a = -24 + 39. Let i be (-2)/(-1) - a/3. Let z(h) = h - 3. What is z(i)?
-6
Suppose -3*y + 15 = 6. Let l(i) = -i**2 - i + 6. Let f = 5 - 2. Let s(h) = -1. Let x(z) = f*s(z) + l(z). What is x(y)?
-9
Let f be 12 + -5 + (0 - (-4)/(-2)). Let b(x) be the second derivative of x**3/6 - 4*x**2 + x. Determine b(f).
-3
Let j(g) be the third derivative of g**6/120 - g**5/60 - g**4/8 + g**3/3 + 14*g**2. Calculate j(3).
11
Let k(i) = 17*i**2 - i + 11. Suppose -6 = -5*d + 2*d + 3*x, 4*x - 8 = -4*d. Let r(m) = -7 - 3*m**d + 3 - 3*m**2. Let y(a) = -3*k(a) - 8*r(a). Give y(2).
-7
Let k be (2/(-6))/(2/(-12)). Let p(x) = -2*x**k + x**2 - 78 + 79 + 4*x. Determine p(4).
1
Let c(h) = h**2 + h. Let g(f) = -5*f**3 + 5*f**2 + 5*f - 1. Let w(d) = 6*c(d) - g(d). Determine w(-1).
-4
Let h(a) = 2*a. Suppose 0 = -13*t + 9*t - 12. Give h(t).
-6
Let w(n) = -7*n + 8. Let a(t) = t - 1. Let s = -2 - -3. Let f(k) = s*w(k) + 5*a(k). Determine f(-3).
9
Let m(i) be the first derivative of -i**5/60 - 2*i**3/3 + i**2/2 + 3. Let v(g) be the second derivative of m(g). Determine v(0).
-4
Let l(z) = 3 + 3 - 2*z - 8 + 3. Calculate l(1).
-1
Let q(u) be the second derivative of -u**5/20 - u**4/4 - u**3/2 - u. Suppose 5*t + 4*l + 2 = 0, -3*l = -t + 2*l - 12. Calculate q(t).
2
Suppose 0 = -2*n + 4*n + 12. Let l(w) = w**3 + 7*w**2 + 9*w + 8. Determine l(n).
-10
Let t(i) = -i + i**2 - i - 2 + 5*i. Let z(b) = -2*b**2 - 6*b + 4. Let q(p) = 13*t(p) + 6*z(p). What is q(-2)?
-4
Let i = -6 - -1. Let y(c) = c**3 + 6*c**2 + 3*c - 6. Calculate y(i).
4
Let r(q) = -q**3 - q**2 - q + 5. Suppose 5*z + 0*z = z. Calculate r(z).
5
Let z(i) be the first derivative of -i**4/4 - 2*i**3 - 3*i**2 - 7*i - 9. Suppose -6*v + v - 25 = 0. What is z(v)?
-2
Let x(t) be the first derivative of -t**2 + 7*t + 6. Let g = 1 + 0. Let o = 6 - g. What is x(o)?
-3
Let b(o) be the second derivative of 2*o - o**2 - 2/3*o**3 + 0 - 5/12*o**4 - 1/20*o**5. Calculate b(-3).
-8
Let w be -4*(-1 - 0/1). Let l(g) = 7*g**3 - 16*g**2 - 7*g + 4. Let j(v) = 6*v**3 - 14*v**2 - 6*v + 4. Let p(u) = -6*j(u) + 5*l(u). Give p(w).
0
Let v be ((-6)/(-4))/((-1)/(-2)). Let z(d) = -4*d**2 - 3*d - 2*d**3 - 4*d**v + 4 + 5*d**3. Let a(s) = s + 1. Let q be a(-4). Give z(q).
4
Let z(p) = 3*p**2 + 2*p - 1. Suppose -2*c - 5 - 12 = 3*f, 0 = 2*f - c + 2. Let r(q) = q**3 + 3*q**2 + q + 1. Let g be r(f). Calculate z(g).
7
Let d(j) = -2*j - 5. Let v(l) = -5 + 3 - 1 - l. Let h(t) = 3*d(t) - 5*v(t). Suppose 6 = 2*m - u - 3*u, -4*m - 40 = 5*u. Give h(m).
5
Let u be (-20)/(-6) - 4/(-6). Let g(i) be the second derivative of i**4/12 - 7*i**3/6 + 5*i**2/2 + 2*i - 48. What is g(u)?
-7
Let k = 21 + -12. Let q(b) = b - k*b - 4*b. Determine q(1).
-12
Let z(g) = -4*g**2 + g**2 + 2*g**2 + 0*g**2 + 3 - 3*g. Determine z(-4).
-1
Let v(r) = 3*r - 4*r + 0*r - 2. Suppose 3*t - 4*u = 50 - 15, -5*t = 2*u - 15. Suppose t*c + 0*c = -15, j + 4*c + 14 = 0. What is v(j)?
0
Let x = 24 + -21. Let s(k) = 19*k - 5. Let n(y) = 6*y - 2. Let a(g) = -7*n(g) + 2*s(g). Give a(x).
-8
Let y(f) be the first derivative of 0 - 